In base 11, what is -2 - 9?
-10
In base 10, what is -1332 + -6?
-1338
In base 12, what is -61 - -34?
-29
In base 11, what is -5353 - -4?
-534a
In base 13, what is -18 + -4?
-1c
In base 3, what is -10 + -1101101?
-1101111
In base 2, what is 1011000011 + 100?
1011000111
In base 12, what is b + 15?
24
In base 11, what is -5 - 7?
-11
In base 10, what is 5 - 106?
-101
In base 16, what is -52 + e?
-44
In base 15, what is 1bd - 25?
198
In base 2, what is 1 - -10?
11
In base 5, what is -311 + -11?
-322
In base 13, what is 37 + -79?
-42
In base 14, what is -5 + 25?
20
In base 10, what is -369 - -3?
-366
In base 12, what is 28a - -1?
28b
In base 4, what is 13 + -231?
-212
In base 2, what is 10 + -10100?
-10010
In base 6, what is -2342 + -5?
-2351
In base 2, what is -100001 + 10101011?
10001010
In base 3, what is 212201 + -10?
212121
In base 12, what is 1b0 + -18?
194
In base 9, what is 4 + 257?
262
In base 6, what is -2 - -412?
410
In base 9, what is -3 - 2827?
-2831
In base 11, what is 0 + 9a?
9a
In base 4, what is 13200 - -210?
20010
In base 13, what is 2a6 - -2?
2a8
In base 7, what is 30 - 12?
15
In base 5, what is -31403 + 10?
-31343
In base 16, what is 18 + -3?
15
In base 6, what is 34440 - 1?
34435
In base 7, what is -1264 + -1?
-1265
In base 12, what is -10ab3 - -2?
-10ab1
In base 8, what is 24 - -7?
33
In base 10, what is -1 - -37?
36
In base 11, what is 4a8 + -38?
470
In base 13, what is -3 - 111?
-114
In base 13, what is -1c45 - 3?
-1c48
In base 9, what is -278 - -3?
-275
In base 6, what is 15 + 13334?
13353
In base 10, what is -24 - 28?
-52
In base 3, what is -10201 + -102?
-11010
In base 16, what is -41 + 4e?
d
In base 13, what is -1 + 43?
42
In base 15, what is -6c - 4?
-71
In base 11, what is 1 + -39?
-38
In base 5, what is 22 + -4?
13
In base 13, what is 46 - 5?
41
In base 15, what is e4 + 1?
e5
In base 2, what is -10 - 100110?
-101000
In base 9, what is 8 - 115?
-106
In base 7, what is 0 + -42230?
-42230
In base 12, what is 1 + -53?
-52
In base 12, what is -2114 - 4?
-2118
In base 9, what is -175 - 0?
-175
In base 10, what is 4 - -4994?
4998
In base 7, what is 1032 + 3?
1035
In base 7, what is 1052 + 21?
1103
In base 2, what is -100010101 - 1000?
-100011101
In base 7, what is -42 + 63?
21
In base 8, what is 2 - -12533?
12535
In base 13, what is 1c5 + -6?
1bc
In base 12, what is 4 - 35?
-31
In base 9, what is -15 - -8?
-6
In base 16, what is 17 + -77?
-60
In base 11, what is 0 - 12?
-12
In base 16, what is -82 + 4?
-7e
In base 12, what is 6 - 56?
-50
In base 3, what is -20210111 - -12?
-20210022
In base 16, what is 5 - -12?
17
In base 4, what is -102310 + -11?
-102321
In base 9, what is 1 + -8?
-7
In base 13, what is 3 - -1746?
1749
In base 12, what is 5 - 290?
-287
In base 12, what is 14 - -31?
45
In base 11, what is -189 + -8?
-196
In base 10, what is -4 - 150?
-154
In base 11, what is -4 - 1587?
-1590
In base 14, what is -5 - -59b?
596
In base 2, what is 10101100001 + -100?
10101011101
In base 8, what is -12071 - -2?
-12067
In base 14, what is -d - 86?
-95
In base 6, what is 50 + -22?
24
In base 3, what is 21002 + -1?
21001
In base 14, what is 25 + -21?
4
In base 11, what is -4a7 - -5?
-4a2
In base 15, what is d - 4?
9
In base 13, what is 10c + 2?
111
In base 14, what is -4 + 59?
55
In base 6, what is -330 - 0?
-330
In base 14, what is -2 - 348?
-34a
In base 3, what is 1110 + 10220?
12100
In base 16, what is -3a - -11?
-29
In base 9, what is -3 + -65?
-68
In base 2, what is -100000000 + -1?
-100000001
In base 8, what is -21 - 7?
-30
In base 11, what is -19a + -3?
-1a2
In base 5, what is -2403 + 2?
-2401
In base 2, what is 101 + -10110110?
-10110001
In base 12, what is -251 - -3?
-24a
In base 3, what is 11 + 2220?
10001
In base 6, what is -113200 + -4?
-113204
In base 13, what is -96 + -5?
-9b
In base 11, what is 34 - -81?
105
In base 11, what is -90 + 74?
-17
In base 8, what is -2 - -52?
50
In base 2, what is 1111001 + -1001010?
101111
In base 4, what is -2 + 11232?
11230
In base 8, what is -6 - 10402?
-10410
In base 7, what is -156 + 11?
-145
In base 8, what is -1524 - -5?
-1517
In base 11, what is -72 - -40?
-32
In base 5, what is -22 + 10?
-12
In base 15, what is 377 + -1?
376
In base 16, what is -7 + -16?
-1d
In base 3, what is -11 + 1011221?
1011210
In base 5, what is -133001 + -2?
-133003
In base 10, what is -35 - 9?
-44
In base 3, what is -20 + 2010110?
2010020
In base 12, what is 3 + 37a?
381
In base 7, what is -56 + 14?
-42
In base 2, what is 1011011110 - -101?
1011100011
In base 2, what is -11 + 1010101?
1010010
In base 15, what is -15 - 24?
-39
In base 16, what is -47 - -1?
-46
In base 16, what is 5 + c9?
ce
In base 3, what is -2 + 121102?
121100
In base 14, what is 91 - 9?
86
In base 9, what is 61 - -5?
66
In base 4, what is 10002 + 3?
10011
In base 6, what is 5544 - 10?
5534
In base 9, what is -6681 + -2?
-6683
In base 4, what is 11 - -2?
13
In base 11, what is -295 - 3?
-298
In base 8, what is 6 - -2446?
2454
In base 2, what is -101 + -110111111010?
-110111111111
In base 7, what is 21566 + 5?
21604
In base 4, what is 220 + -23?
131
In base 9, what is 0 - -561?
561
In base 5, what is 2410 + 2?
2412
In base 8, what is 1007 + -4?
1003
In base 13, what is 1 - -3b?
3c
In base 2, what is -11000 - 101?
-11101
In base 3, what is -11 + -200010?
-200021
In base 3, what is -100111 - -10?
-100101
In base 9, what is 1 + -1847?
-1846
In base 11, what is -2 + -679?
-680
In base 10, what is -5 - 5362?
-5367
In base 7, what is 21515 + 4?
21522
In base 10, what is -34 - 470?
-504
In base 8, what is 550 - 1?
547
In base 9, what is 64 + -348?
-274
In base 9, what is -118 + -3?
-122
In base 5, what is -4 + 332?
323
In base 6, what is 151 + -4?
143
In base 15, what is -50 - 4?
-54
In base 5, what is -14 - 1010?
-1024
In base 4, what is -1222 + 3?
-1213
In base 9, what is 264 - 5?
258
In base 5, what is 134 + -300?
-111
In base 4, what is -30010 - -1?
-30003
In base 14, what is -62 - 4?
-66
In base 13, what is 0 - -73a?
73a
In base 6, what is 2 + 4154?
4200
In base 15, what is 5 - 17a5?
-17a0
In base 4, what is 230010 - 0?
230010
In base 11, what is 7 - 8?
-1
In base 10, what is -274 - 4?
-278
In base 11, what is 5 + 14?
19
In base 4, what is -23 - -11111?
11022
In base 16, what is -5 - 13?
-18
In base 16, what is -1 + -14?
-15
In base 13, what is 4 + 1832?
1836
In base 3, what is -1 + -2020?
-2021
In base 9, what is -30 - -547?
517
In base 3, what is 1 + -1211000?
-1210222
In base 5, what is -10 + 112?
102
In base 14, what is -447a - 0?
-447a
In base 7, what is -5 - 25412?
-25420
In base 9, what is -4 + 1134?
1130
In base 4, what is -130 + 13?
-111
In base 3, what is -1122012 + -10?
-1122022
In base 7, what is -132 + 1?
-131
In base 15, what is -4 + 3d?
39
In base 16, what is -9 - -92?
89
In base 4, what is 2103 + 3?
2112
In base 11, what is 33 + 32?
65
In base 4, what is 2030 - 0?
2030
In base 10, what is -9 + -1289?
-1298
In base 2, what is 10100 - 10000011?
-1101111
In base 4, what is 10 + -1020?
-1010
In base 9, what is 1551 - -1?
1552
In base 4, what is -33 - -121?
22
In base 4, what is -10 - -202?
132
In base 11, what is 44 - 3?
41
In base 12, what is 83 + -12?
71
In base 4, what is -2 - 11?
-13
In base 12, what is -4364 - 1?
-4365
In base 16, what is 7 - -81?
88
In base 9, what is -2 - 216?
-218
In base 14, what is 8 - 2?
6
In base 15, what is -c - -54?
47
In base 11, what is 56 - 5a?
-4
In base 13, what is 1934 - 5?
192c
In base 11, what is 70 + -3?
68
In base 4, what is -1 - 30332?
-30333
In base 11, what is 1 - 60?
-5a
In base 6, what is 2 + -15?
-13
In base 3, what is -1122121 - 1?
-1122122
In base 14, what is 920 + -3?
91b
In base 15, what is -2c2 - 3a?
-30c
In base 11, what is -9 + -2008?
-2016
In base 10, what is 149 - 6?
143
In base 5, what is 10 - 13040?
-13030
In base 12, what is -5a - -5?
-55
In base 2, what is 110000000110 - 100?
110000000010
In base 14, what is 4 - -18?
1c
In base 12, what is -138 - 9?
-145
In base 15, what is -14e - -3b?
-113
In base 13, what is 40 + -14?
29
In base 2, what is -110000 + 10?
-101110
In base 12, what is -88 - -28?
-60
In base 10, what is 19 + -419?
-400
In base 7, what is -30114 - 5?
-30122
In base 8, what is -503 + -13?
-516
In base 16, what is ff + 3?
102
In base 10, what is -5 + 23?
